the highest common divisor of 30 and y?
6
Suppose 70*a - 72*a + 14 = 4*t, 2*a - 17 = -t. Calculate the highest common factor of 57 and a.
3
Suppose 13 = -t + 17. Suppose 1147 = 5*z + 4*v, -t*z - v + 918 = 2*v. Calculate the greatest common divisor of 21 and z.
21
Let k = -401 + 446. Let t be (104/(-10))/(-1 + 27/k). What is the highest common factor of 130 and t?
26
Let n(t) = 430*t + 1294. Let r be n(-3). Calculate the greatest common factor of r and 1004.
4
Suppose -9751 - 6144 = -3*i - 4*j, -5*i + 26449 = -4*j. What is the highest common factor of 158 and i?
79
Let q be (-3)/(-2) + (430/20 - 17). What is the highest common factor of q and 1902?
6
Suppose 9*a - 2264 = 3046. Let y = -22 + a. Calculate the highest common factor of y and 8.
8
Let k be 2 + 8/(-2) - (5 + -119). Suppose -q = 5*d - 560, d - q + 2*q = k. What is the highest common factor of 28 and d?
28
Suppose 0 = 3*z - 3*k - 27, z + 11 + 0 = -3*k. Suppose -z*p - 27 = -59. Calculate the highest common divisor of p and 3.
1
Suppose -830*f + 917*f = 1730 + 3142. Let m = 103 + 1. Calculate the greatest common factor of m and f.
8
Suppose 0 = -d + 2*h + 4, 6*d = 9*d - 3*h - 6. Suppose -2*v + 3 = k - 6, -15 = -v - 4*k. Suppose -v*l + d*l = -66. What is the highest common factor of 2 and l?
2
Let f = -740 - -805. What is the highest common divisor of 2496 and f?
13
Let o = 1489 - 1413. What is the greatest common divisor of 2812 and o?
76
Suppose -4*u = 9*u - 39. Suppose 5*y + 135 = 3*s, -4*y - s - 108 = u*s. Let c = -14 - y. What is the greatest common factor of c and 104?
13
Suppose -61*l + 366 = -0*l. Let a be (-3)/(3/(-13)) + -7 + l. Suppose 2*i + o - 4*o = 57, -4*o = 3*i - 128. Calculate the greatest common factor of i and a.
12
Let j be 10/(-155) - 966/(-868)*36. Let u = 284 - 104. What is the highest common factor of u and j?
20
Let m be 10/(-3)*-51 + (-22 - -25) + -8. What is the greatest common factor of m and 1287?
33
Let b be 28/6 + 0 + -3 + 104/78. What is the highest common divisor of b and 447?
3
Let d(p) = 16*p + 2. Let n = -48 + 49. Suppose -4*g = j - 15, -g + n - 13 = -5*j. Let w be d(g). What is the greatest common factor of w and 10?
10
Let n be 42 - -2 - (-56)/(-7). Suppose 2*b + b = -5*u + 439, 4*u - 352 = -2*b. Suppose 4*s - u = 7. What is the highest common factor of s and n?
12
Suppose 9*l - 2*l - 231 = 0. Let a = -111 - -123. Calculate the highest common factor of a and l.
3
Suppose -2*d + 2734 = 5*n - 56990, -89586 = -3*d + 2*n. What is the highest common divisor of 126 and d?
126
Suppose -9*t + t - 472 = 0. Let y(l) = l**2 - 24*l + 21. Let q be y(18). Let a = t - q. Calculate the greatest common divisor of 252 and a.
28
Let t = -105 + 96. Let k be 1/((-2)/8) - t. Suppose 56 = 4*h - 5*s, k*h - 49 - 21 = -2*s. Calculate the highest common divisor of h and 70.
14
Let c = 988 + -944. What is the greatest common factor of 1408 and c?
44
Suppose -165 - 222 = -9*x. Suppose 25 - x = -3*o. Suppose o*s - 3*s = 120. Calculate the highest common divisor of s and 24.
8
Suppose 477 = -h + 4*h - 5*b, -3*h + b = -489. Let f = h - 150. Calculate the highest common divisor of f and 154.
14
Let h = 1375 + 1977. What is the greatest common divisor of 8 and h?
8
Suppose 0 = 776*c + 2085 - 11397. Let m be 1/3 - (-934)/6. Calculate the highest common factor of m and c.
12
Let g be ((-1 + 3)*-5)/((-8)/232). Suppose -5*v + 2*f + g = 0, 5*v = -f + 192 + 83. What is the highest common divisor of v and 504?
56
Suppose 1070*v = 1146*v - 402652 - 188096. Calculate the greatest common divisor of 3 and v.
3
Suppose -z = 2*h + 2*z - 7, -4*h - z + 39 = 0. Let d = 1084 + -908. What is the greatest common divisor of h and d?
11
Let c(v) = -4*v**3 - 4*v**2 - 8*v + 43. Let z be c(3). Let y = 424 + z. What is the highest common divisor of 69 and y?
23
Let b = -22683 - -23764. Calculate the greatest common divisor of b and 575.
23
Let l be (1357/(-230) + 5 - (-4)/10)*-2350. What is the highest common factor of 5 and l?
5
Suppose -8*g - 3*u + 7503 = -3*g, -5*g + 7498 = -2*u. Calculate the highest common divisor of 36 and g.
12
Suppose 0 = 5*t - 3*b - 61, t - 23 = 46*b - 49*b. Calculate the highest common factor of 1946 and t.
14
Suppose p - 8*p - 3*p = 0. Suppose 2*k + 36 - 76 = p. What is the greatest common divisor of k and 8?
4
Suppose 4*z = 3*a - 4, -4*a + 3*z + z = 0. Let y(w) = w + 4. Let u be y(a). Let c be (1 + 43)/(u/1 + 1). What is the greatest common divisor of 4 and c?
4
Let j(t) = t**2 + 191*t - 3741. Let d be j(18). Let n(k) = 37*k - 1. Let l be n(4). Calculate the greatest common divisor of l and d.
21
Let x(c) = c**3 + 14*c**2 - 35*c - 40. Let o be x(-16). Let y(a) = -a**3 + 9*a**2 - 8*a + 16. Let w be y(o). Calculate the highest common factor of 8 and w.
8
Let m(z) = 88*z - 162. Let h be m(2). What is the greatest common factor of 350 and h?
14
Let q = 3979 + -2627. Calculate the highest common factor of 16 and q.
8
Suppose 2*h - 4*b = 30, -3*b - 2 = -8. Suppose n - 23 = -h. Suppose -18 = -n*o - 2*o. What is the greatest common factor of 1 and o?
1
Let q be (-2)/(-2)*(-8505)/(-105). Let g be 130/14 + (-18)/63. Calculate the greatest common factor of g and q.
9
Let j be (-10 - -10) + 8 + (-5 - (-243 + 1)). Calculate the greatest common factor of 1421 and j.
49
Let h = -359 - -359. Suppose 2*z - 2524 + 44 = h. What is the greatest common factor of z and 40?
40
Suppose 4*l + 26*f = 27*f + 109, -3*f - 119 = -4*l. Let j be (l/6)/(37/111). Calculate the highest common divisor of 403 and j.
13
Let s(f) = 58*f + 20 - 26*f + 515. Let h be s(-16). Let k(j) = 6*j**2 + 4*j - 8. Let r be k(-6). What is the greatest common factor of r and h?
23
Let o be (12/9)/((-313)/(-39) - 224/28). Calculate the greatest common factor of o and 2236.
52
Let q(p) = -p**3 - 8*p**2 - 9*p - 2. Let w be q(-7). Suppose -4*y + 864 = 63*o - 61*o, -5*o + 2214 = y. What is the greatest common divisor of w and o?
12
Let q(j) = -j**3 + 4*j**2 + 5*j + 2. Let s be q(5). Suppose -319*o - 63*o - 72*o + 2724 = 0. Calculate the highest common factor of o and s.
2
Suppose -7696 = -6*q - 20*q. Suppose -t - 5 = 0, 0 = 5*w + t - 1219 - q. What is the greatest common divisor of w and 19?
19
Suppose -5*l - 425 = -450. Let c be (-2)/(-8) - 1 - 14094/(-72). What is the highest common divisor of l and c?
5
Suppose 0 = -8304*d + 8311*d - 3220. Calculate the greatest common divisor of d and 50.
10
Let s be ((-3712)/(-80))/(((-3)/(-5))/3). Calculate the highest common divisor of s and 16936.
232
Let z(b) = 18*b**2 - 17*b + 24. Let i be z(2). Calculate the greatest common divisor of i and 13.
1
Suppose -v - 8*s = -11*s - 209, -3*v = 3*s - 711. What is the highest common divisor of v and 6785?
115
Suppose -59*w + 61*w - 850 = 0. What is the highest common factor of 1020 and w?
85
Let q(i) = -6*i + 14. Let r be q(2). Suppose 5*o = 25, 223 + 220 = r*y - o. Calculate the greatest common factor of y and 14.
14
Let v(w) = 29*w + 5. Let a be v(0). Suppose -d + 2*n - 4*n + 50 = 0, 0 = a*d + 5*n - 255. What is the highest common divisor of d and 39?
13
Let y be 18*((-34)/(-42) - (-6 - 36/(-7))). Calculate the greatest common divisor of 950 and y.
10
Suppose -5*w + 7914 = -w + 5*p, 2*w = -5*p + 3962. Let o be 1/((-14)/8) - w/(-28). What is the highest common factor of 60 and o?
10
Let n(t) = t**2 + 5*t + 9. Let m be n(9). Let a be (m/30)/((-1)/(-52)). What is the highest common factor of 26 and a?
26
Let p(a) = -304*a + 1372. Let v be p(4). Calculate the greatest common divisor of v and 2613.
39
Suppose -702*d = -714*d + 6912. What is the highest common factor of 2784 and d?
96
Suppose -q + 53 = o, -2*o = 32 - 42. What is the greatest common divisor of 20616 and q?
24
Suppose -j + 50 = -65. Let s be 6187/j - 1/(-5). Calculate the greatest common factor of 90 and s.
18
Let j(y) = -y**2 - y + 56. Let m be j(-28). Let v = 68 - m. What is the highest common factor of 6 and v?
6
Let q(s) = 270*s**2 - 41*s + 68. Let y be q(4). Calculate the greatest common factor of y and 960.
192
Suppose 238 + 3002 = 62*z + 10*z. Let b(i) = i**2 + 3*i - 3. Let n be b(-5). Let p = 12 - n. Calculate the greatest common divisor of p and z.
5
Suppose 0 = -369*r + 366*r + 162. Calculate the highest common factor of r and 6462.
18
Let q = 238 + -96. Suppose -34 = 6*h - q. Wha